{"id":98,"date":"2014-03-22T12:29:23","date_gmt":"2014-03-22T11:29:23","guid":{"rendered":"http:\/\/www.deutscherseglerclub.de\/?page_id=98"},"modified":"2021-09-11T20:27:55","modified_gmt":"2021-09-11T19:27:55","slug":"impressum-und-haftungsausschluss","status":"publish","type":"page","link":"https:\/\/www.deutscherseglerclub.de\/?page_id=98","title":{"rendered":"Impressum und Haftungsausschluss"},"content":{"rendered":"<h5>Kontakt<\/h5>\n<address><a href=\"http:\/\/goo.gl\/maps\/CtpFL\">Kladower Damm 55A<\/a><\/address>\n<address><a href=\"http:\/\/goo.gl\/maps\/CtpFL\">14089 Berlin-Gatow<\/a><\/address>\n<h5>Eintrag im Vereinsregister:<\/h5>\n<address>Amtsgericht Charlottenburg Berlin<\/address>\n<address>1996NZ<\/address>\n<h5>Der Vorstand ist unter folgender Mailadresse zu erreichen:<\/h5>\n<p><a href=\"mailto:kontakt@deutscherseglerclub.de\">kontakt@deutscherseglerclub.de<\/a><\/p>\n<p>Der Verein Deutscher Segler-Club e.V. ist nicht verantwortlich f\u00fcr Querverweise aus anderen Internetseiten und wird gerichtlich gegen alle Betreiber vorgehen, die ohne ausdr\u00fcckliche Erlaubnis das Deutscher Segler-Club e.V.-Logo benutzen oder Texte des Deutscher Segler-Club e.V. ver\u00f6ffentlichen. Die \u00dcbernahme aller den Deutscher Segler-Club e.V. betreffenden Texte bedarf der ausdr\u00fccklichen Zustimmung der Autoren.<\/p>\n<p><strong>Disclaimer<\/strong><\/p>\n<p>In seinem Urteil vom 12. Mai 1998, Aktenzeichen 313 O 85\/98, hat das Landgericht Hamburg entschieden, dass durch die Anbringung eines Links die Inhalte der verlinkten Seite ggf. mit zu verantworten sind. Dies kann &#8211; so das Landgericht &#8211; dadurch verhindert werden, dass sich die Betreiber einer Website ausdr\u00fccklich von den Inhalten der durch sie angebotenen Links distanzieren.<\/p>\n<p>Der Deutsche Segler Club e.V. als Betreiber dieser Website weisst deshalb ausdr\u00fccklich darauf hin, dass er keinerlei Einfluss auf die Gestaltung und Inhalte derjenigen Internetseiten hat, die durch die in seinen Seiten aufgef\u00fchrten und regelm\u00e4ssig kontrollierten Links aufgerufen werden (k\u00f6nnen). Eine Verantwortung f\u00fcr den Inhalt dieser Seiten wird daher grunds\u00e4tzlich ausgeschlossen.<\/p>\n","protected":false},"excerpt":{"rendered":"<p>Kontakt Kladower Damm 55A 14089 Berlin-Gatow Eintrag im Vereinsregister: Amtsgericht Charlottenburg Berlin 1996NZ Der Vorstand ist unter folgender Mailadresse zu erreichen: kontakt@deutscherseglerclub.de Der Verein Deutscher Segler-Club e.V. ist nicht verantwortlich f\u00fcr Querverweise aus anderen Internetseiten und wird gerichtlich gegen alle Betreiber vorgehen, die ohne ausdr\u00fcckliche Erlaubnis das Deutscher Segler-Club e.V.-Logo benutzen oder Texte des Deutscher [&hellip;]<\/p>\n","protected":false},"author":1,"featured_media":0,"parent":0,"menu_order":0,"comment_status":"closed","ping_status":"open","template":"","meta":[],"_links":{"self":[{"href":"https:\/\/www.deutscherseglerclub.de\/index.php?rest_route=\/wp\/v2\/pages\/98"}],"collection":[{"href":"https:\/\/www.deutscherseglerclub.de\/index.php?rest_route=\/wp\/v2\/pages"}],"about":[{"href":"https:\/\/www.deutscherseglerclub.de\/index.php?rest_route=\/wp\/v2\/types\/page"}],"author":[{"embeddable":true,"href":"https:\/\/www.deutscherseglerclub.de\/index.php?rest_route=\/wp\/v2\/users\/1"}],"replies":[{"embeddable":true,"href":"https:\/\/www.deutscherseglerclub.de\/index.php?rest_route=%2Fwp%2Fv2%2Fcomments&post=98"}],"version-history":[{"count":8,"href":"https:\/\/www.deutscherseglerclub.de\/index.php?rest_route=\/wp\/v2\/pages\/98\/revisions"}],"predecessor-version":[{"id":1144,"href":"https:\/\/www.deutscherseglerclub.de\/index.php?rest_route=\/wp\/v2\/pages\/98\/revisions\/1144"}],"wp:attachment":[{"href":"https:\/\/www.deutscherseglerclub.de\/index.php?rest_route=%2Fwp%2Fv2%2Fmedia&parent=98"}],"curies":[{"name":"wp","href":"https:\/\/api.w.org\/{rel}","templated":true}]}}